 f(u) = u**2 - 22*u + 102. What is the units digit of f(6)?
6
Let i = -136 - -135. Let j(g) = -g**2 - g + 2 + 5*g**2 + 2*g. What is the units digit of j(i)?
5
Let t(q) be the first derivative of -q**3/3 - q**2 + 2. Let z be t(-5). What is the units digit of 4/10 - 84/z?
6
Let v be 1 + 1*-25 + -1. Suppose 10*i + 56 = -2*t + 6*i, 4*t + 117 = -3*i. Let o = v - t. What is the units digit of o?
5
Suppose 108*h - o - 4982 = 105*h, -6639 = -4*h + 5*o. What is the hundreds digit of h?
6
Suppose 5*k - 150 = -5*w, k + 2*w - 46 = -3*w. Suppose 2*i - 18 = -3*n, 0*i - 4*i = n - k. Suppose 50 = i*s - s. What is the tens digit of s?
1
Suppose 129*t = 133*t - 3708. What is the hundreds digit of t?
9
Suppose -189 = -10*y + 7*y. Suppose -4*a - 5*z = -257, -5*a + y = -4*a + z. Suppose 5*x + 2*m = a, -3*m + 11 = -4*x + 39. What is the tens digit of x?
1
Let c(h) = -11*h + 22. Let g = 18 + -25. What is the units digit of c(g)?
9
Suppose 3*o - 2977 = -2*z, 0 = -o + 3*z - 7*z + 989. What is the hundreds digit of o?
9
What is the tens digit of 1175 - ((-528)/220 - (-4)/10)?
7
Let u = 49 + 99. Suppose -2*f + u = 22. What is the tens digit of f?
6
Let y(c) = -c**3 + 4*c**2 + 5*c + 4. Suppose -5*i = -m - 20, -5*i = 2*m - 24 - 11. Let t be y(i). Suppose s = t*s - 12. What is the units digit of s?
4
Suppose 134*g - 137*g = -4*i - 6861, 2*g + 4*i = 4574. What is the thousands digit of g?
2
What is the tens digit of ((-44)/3)/((420/234)/(-35))?
8
Suppose 0 = -6*l + 20*l - 28. Suppose 0 = -3*q + 4 + 5. Suppose y - q*s + 2 = 0, -14 = -7*y + l*y + 3*s. What is the units digit of y?
4
Let m be 4/(-22) + 57/11. Suppose 15 = 5*i, m*i + 1 = 4*a - 0*i. Suppose w - a*n = 12, 0*w = -3*w - 4*n + 68. What is the units digit of w?
0
Let m = -109 + -54. Let y = 235 + m. What is the tens digit of y?
7
Suppose 4*l - 6312 = 5*o - 9*o, 5*o - 4730 = -3*l. What is the tens digit of l?
8
Suppose -2963 = -4*d - 5*x, 5*x - 876 = 2*d - 2335. What is the units digit of d?
7
Let z = -497 - -603. What is the hundreds digit of z?
1
Suppose 13*v - 5*v - 3824 = 0. What is the tens digit of v?
7
Let r(z) = -z**3 - 18*z**2 - 10*z + 25. Let b be r(-15). Let v = -213 - b. What is the hundreds digit of v?
2
Let u be (4/1 + -4)/(-1). Suppose 11*f - 12*f + 2 = u. Suppose 0 = -f*j - 2*y + 22, -31 = -4*j - y + 19. What is the units digit of j?
3
Let v = 3808 - 2177. What is the units digit of v?
1
Let v be -10*(3/10)/(-3)*-3. Suppose -2*c - 2*l = -4*l - 62, 0 = c + 2*l - 34. Let y = c - v. What is the units digit of y?
5
Suppose -3*s + 65 + 34 = 0. Let j = 20 - 12. Let b = s - j. What is the tens digit of b?
2
Let x(z) = -102*z - 26 - 106*z + 23. What is the tens digit of x(-1)?
0
Let r(z) = -10*z**2 - 11*z + 13. Let t(y) = -5*y**2 - 5*y + 6. Let f(n) = 4*r(n) - 9*t(n). What is the tens digit of f(5)?
2
Let v = -938 + 957. Suppose 3*b = -c + 88, c + b = -c + 156. Let o = c - v. What is the tens digit of o?
5
Suppose 0 = -2*p + 11 + 5. Suppose 795 = 5*k - 5*h, 4*k - p*k - 4*h = -604. What is the tens digit of k?
5
Suppose 2970 = 46*s - 41*s. What is the tens digit of s?
9
Suppose -2*o + 106 = 4*z + 18, 0 = z - 1. Let n = 26 - o. Let b(a) = -2*a - 14. What is the tens digit of b(n)?
1
Suppose -2*p - 60 + 10 = 0. Let y = p + 80. Let s = y + -16. What is the units digit of s?
9
Let x = 31 - 13. Let m = 149 + -142. What is the units digit of (-56)/(-6)*x/m?
4
Suppose 0*u - 1186 = -4*u - 5*p, 0 = -5*u + 5*p + 1460. What is the hundreds digit of (u - 4) + (-10)/2?
2
Let s = 28 + 235. What is the hundreds digit of s?
2
Suppose -3*j - 3*b = 2 + 4, -2*b = 3*j + 2. What is the hundreds digit of ((-1576)/24)/(j + (-21)/9)?
1
Let r be (-99)/(-45) - 2/10. Suppose 10 = r*f + 6. What is the tens digit of (-204)/(-9) + f/(-3)?
2
Suppose -17 - 53 = 2*l. Suppose -5*i = -4*i + 4*n + 22, -2*i + 2*n - 14 = 0. What is the tens digit of (-1358)/l + (-2)/i?
3
Let r be 0/(1 - (6 - 3)). Suppose r*m + 3*m = 135. What is the tens digit of m?
4
Suppose -20 = -6*q - 14. What is the units digit of 1143/27 + q/(-3)?
2
Suppose n + 95 - 667 = 0. What is the tens digit of n?
7
Let w(l) = 4 - 8*l + 8*l + 11*l + 12*l. What is the tens digit of w(2)?
5
Let x = 2 + 3. Let i(q) = 6*q**3 - 8*q**2 + 2*q + 10. Let d(n) = -7*n**3 + 8*n**2 - n - 11. Let m(v) = x*d(v) + 6*i(v). What is the units digit of m(7)?
5
Suppose 0*h - 2*h + 2*s = -410, 185 = h - 5*s. Let x = -95 + h. What is the hundreds digit of x?
1
Suppose -2*w - 4*l = -1162, 5*w - 10*w = 3*l - 2940. Suppose -151 = -p - 3*u, 2*p - u - w = -2*p. What is the tens digit of p?
4
Let z(k) = 14*k - 75. Let q be z(5). Let o(j) = 4*j - 2. Let n be o(4). Let v = n + q. What is the units digit of v?
9
Suppose -3*y = -4*i + 15, -3*i - 3 + 15 = -3*y. What is the tens digit of i - 408/(-6 + 3)?
3
Let t = 303 - -162. What is the tens digit of t?
6
What is the thousands digit of ((-580)/16 + -5)/((-1)/60)?
2
Let l(p) = -p**2 - 58*p + 168. What is the units digit of l(-46)?
0
Let y(h) = -18*h - 20. Let f be y(-16). Let u = f + -158. What is the units digit of u?
0
What is the units digit of 6 + ((-220)/(-5))/4?
7
Let v(b) = b**3 - 18*b**2 + 12*b - 21. Suppose 35 = 5*u - 55. What is the units digit of v(u)?
5
Suppose -u - 1 = -0*u, -7 = -d - u. Let s be (-2)/4 + 516/d. Suppose 3*v = s + 62. What is the tens digit of v?
4
What is the hundreds digit of (-39080)/(-12) + (-16)/(-48) - -3?
2
Let q be (102/24 + -2)/((-3)/8). What is the tens digit of 42 + 12/(q/(-2))?
4
Let h(v) = 13*v**2 + 3*v + 9. Let m be h(4). What is the hundreds digit of (m/2)/(3/6)?
2
Suppose -103*d + 9792 = -97*d. What is the tens digit of d?
3
Let i(f) = 60*f**2 - 4*f + 13. What is the units digit of i(3)?
1
Let g(d) = 104*d - 23. What is the units digit of g(3)?
9
Suppose -32*f = -27*f. What is the tens digit of f - ((-10)/(-6))/(3/(-432))?
4
Let z be (-8)/(-2 + -2) - -34. Let t = z - 31. What is the units digit of t?
5
Let t(v) = 1 - 4*v + 3 + v**2 + 0 - v. Let y be t(5). Suppose -y*o = 5*j - 67, -6*j + 14 = o - 2*j. What is the tens digit of o?
1
Let q(f) = 7*f - 34 + 8*f**2 + 0*f + 63 - 42. What is the hundreds digit of q(-6)?
2
Let q(a) = 8*a**3 + 2*a + 10. What is the units digit of q(4)?
0
Let b be 18/4*2 - -1. Let c be 4/(-10) - (-314)/b. Suppose -4*d = -c - 57. What is the tens digit of d?
2
Let z be 2/7 + (-152)/(-56). Suppose x = z*x - 42. What is the units digit of x?
1
Suppose -9 = 2*u - u. Let n(v) = -4*v + 10. What is the units digit of n(u)?
6
Let t(o) = 7*o**2 + 3*o - 29. What is the tens digit of t(7)?
3
Suppose 4*s + 3*f - 181 + 11 = 0, -2*s = -2*f - 78. What is the units digit of s?
1
Suppose 3*o + 8*o - 1089 = 0. Let u = o + -42. What is the units digit of u?
7
Suppose 2*v + 1 = -3*z, -z + 3*v + 5 = -13. Suppose -z = 3*j - 6*j. What is the units digit of j?
1
Let d(i) = i**2 + 6*i**2 - 4 + 0*i + 2*i - 3. Let o be d(-5). Let m = o + -109. What is the units digit of m?
9
Suppose 5*d + 5*u + 15 = 0, 4*d + 5*u + 11 = -0*d. Let l be (-2 - 0)/(d/178). Let x = l - 51. What is the units digit of x?
8
Suppose o + 45 = 4*o + 3*h, 2*h + 54 = 4*o. Suppose -8*b - 936 = -o*b. What is the units digit of b?
6
Let i be 15/(-45) + 3436/3. Suppose -i = -16*b + 1447. What is the tens digit of b?
6
Let c = 82 - 156. Let s = c - -80. What is the units digit of s?
6
Let b = 1446 - 945. What is the units digit of b?
1
Let o = 1609 + -1603. What is the units digit of o?
6
Let h(s) = 23*s**2 - 19*s - 81. What is the hundreds digit of h(-12)?
4
Suppose -6 = -4*b + 6. Suppose 2*t + b = -5. Let m(d) = d**2 + 5*d + 8. What is the units digit of m(t)?
4
Let t(o) = -12*o - 24. Let a be t(-9). Suppose 5*j + 34 = a. What is the units digit of j?
0
Let s(g) = 14*g**2 - 43*g + 39. What is the hundreds digit of s(9)?
7
What is the units digit of -41*3*(-1819)/51?
7
Suppose 2*r + k - 68 = 25, r = -5*k + 60. Let t(h) = 28*h + 1. Let x be t(-1). Let b = x + r. What is the units digit of b?
8
Let m = -27 + 34. Let q = m + 6. What is the tens digit of q?
1
Let h(t) = t**3 - 5*t**2 - 7*t + 9. Let n(p) = -p + 11. Let o be n(5). Let k be h(o). What is the units digit of k + -3 + (0 - -5)?
5
Let l(d) = 2*d**3 - 11*d**2 - 11*d - 1. What is the units digit of l(9)?
7
Let p = -132 + 432. Let i = p - 136. What is the hundreds digit of i?
1
Suppose 0 = -5*h - 2*r + 252